ose 2*i + 0*t - 2*t = 16, -4*t - 14 = -h*i. What is the remainder when i is divided by 5?
4
Suppose -3*g = -g - 64. Calculate the remainder when g is divided by ((-170)/(-4 + -1))/2.
15
Let n = -1 + 3. Suppose -8 = n*r, k + 5*r = 4*k - 149. What is the remainder when k is divided by 11?
10
Let p(r) = -1. Let z(h) = 6*h + 15. Let s(u) = 5*p(u) + z(u). Calculate the remainder when s(8) is divided by 20.
18
Suppose t - 3*b + b - 10 = 0, -b = -4*t + 40. Suppose -z = -d - t, 4*d + 15 = 3*z - 13. Calculate the remainder when 23 is divided by z.
11
Let i(s) = s**2 + 2*s + 2. Let d(u) be the third derivative of 2*u**5/15 + u**3/6 - u**2. Calculate the remainder when i(4) is divided by d(1).
8
Suppose 2*z - 6 = 66. What is the remainder when z is divided by 21?
15
Let n be (8/5)/(1/5). Let x be (-60)/(-12) - (0 + 2). Let u = n - x. Calculate the remainder when 17 is divided by u.
2
Let m be 4/18 - 16/(-9). Suppose -2 = -w + m*l, -3*w + 21 = -l - 2*l. Calculate the remainder when 23 is divided by w.
11
What is the remainder when 882/28*(-4)/(-3) is divided by 15?
12
Suppose -j - 165 = -4*j. Suppose 5*h - 15 = 4*x, 5*h = -0*h - 4*x + j. Suppose 2*a = 3*m + 9, 0*m = -a + m + h. What is the remainder when 34 is divided by a?
10
Let v = -516 + 543. Let a = 33 - 19. What is the remainder when v is divided by a?
13
Suppose 0 = -4*t - 180 + 12. Let q = 74 + t. What is the remainder when 125 is divided by q?
29
What is the remainder when (-6)/4*(-62)/3 is divided by 8?
7
Suppose -2*v + h = -h - 34, 3*v - 4*h - 55 = 0. Let m(y) = 8 - y**2 + y + 2*y**2 - 7 + 4. Calculate the remainder when m(-5) is divided by v.
12
Let p = 34 + -18. Let j(k) be the third derivative of -k**4/8 + 2*k**2. What is the remainder when p is divided by j(-2)?
4
Let i(f) = 6*f**2. Let b be i(2). Suppose -3*l - 19 = -4*s, 3*s - b = -l - 0*l. What is the remainder when 10/(-2)*(-5)/1 is divided by s?
4
Suppose -27 = 4*z + 9. Let y(d) = d**3 + 9*d**2 - 3*d - 8. Calculate the remainder when 221/4 + 2/(-8) is divided by y(z).
17
Suppose 0 = 3*u, v - 5*v = -2*u - 108. What is the remainder when v is divided by 14?
13
Let y(m) = 2*m**2 - 5*m + 3. Calculate the remainder when y(4) is divided by 4.
3
Let d = 8 + -3. Suppose -2*g = -2*s - 18, -2*s + 11 = 1. Calculate the remainder when g is divided by d*1/(-2)*-2.
4
Let l(n) = -6*n - 16. What is the remainder when 36 is divided by l(-6)?
16
Suppose -2*y = 4*v - 46, -2*y = -5*v + v + 26. Calculate the remainder when 26 is divided by v.
8
Let m(c) = c + 12. Let w be m(-10). Suppose 4*s = 5*f + 14 + 6, -3*f + 4*s - 20 = 0. Suppose -w*g + g + 9 = f. What is the remainder when 15 is divided by g?
6
Suppose 83 = f - 10. Calculate the remainder when f is divided by 16.
13
Let z(f) = 5*f**2 - f + 1. Suppose -2*s + 6*s - 4*m - 4 = 0, 2*m + 8 = 5*s. Calculate the remainder when z(1) is divided by s.
1
Suppose 0*q = -q + 14. Let j be (-5)/((-15)/6) + 143. Suppose w + 406 - j = 5*x, -3*w - 253 = -5*x. What is the remainder when x is divided by q?
11
Suppose o - 4*t - 34 = 0, o - t + 0 = 19. Calculate the remainder when o is divided by 8.
6
Let v(a) = a**2 - 7 + 0 - 2*a + 5*a - 3. Calculate the remainder when v(-8) is divided by 11.
8
Let r(k) = k**2 - 16*k - 51. What is the remainder when r(19) is divided by 4?
2
Suppose 0*p = -p + 35. Calculate the remainder when p is divided by 3 + 27/((-6)/(-2)).
11
Suppose -x = -m - 18, -2*x = -0*x - m - 34. Suppose 2*i - 34 = x. Calculate the remainder when i is divided by 14.
11
Let m = 2 - -3. Suppose -2*o - 1 + 5 = 0. What is the remainder when m is divided by o?
1
Let j(f) = -f**3 + 7*f**2 - 3*f - 12. Calculate the remainder when j(5) is divided by 9.
5
Suppose -3*h = -2*x + 55, -4*x - 2*h - h = -83. Let p(n) = n**2 - 2*n + 5. Suppose 8 = -2*m + 16. Calculate the remainder when x is divided by p(m).
10
Let a(h) be the first derivative of 3/2*h**2 + h + 1/3*h**3 + 1. Calculate the remainder when a(-4) is divided by 3.
2
What is the remainder when 24/(-56) + ((-345)/(-21) - 3) is divided by 8?
5
Suppose 52 = 4*h - 8. Let v = h + -1. Let s = 9 - 5. Calculate the remainder when v is divided by s.
2
Suppose -4 - 15 = -2*k - 5*v, -2*k + v + 1 = 0. Let o = k + -7. Let w(i) = -i**3 - 3*i**2 + 6*i - 7. Calculate the remainder when 24 is divided by w(o).
11
Suppose -6*j = 2*g - j - 51, -2*g = -4*j - 24. Let a = g - 5. What is the remainder when a is divided by ((-42)/(-9))/((-4)/(-6))?
6
Suppose -2*b = -5*r + 26, -5 = -5*r + 2*b - 7*b. Suppose -3*n + 12 = 3*g, -4 + 23 = n - r*g. Calculate the remainder when n is divided by 4.
3
Suppose -63 = -2*z - 23. What is the remainder when 59 is divided by z?
19
Suppose -i + 9 = 2*i. What is the remainder when i is divided by 3?
0
Suppose 0*w - 2*w - 18 = 0. What is the remainder when 3*-6*10/w is divided by 2/(-6) - 44/(-6)?
6
Suppose -l = -q - 2, -2*l + q + 5 = -4. Let m(a) = -a. What is the remainder when l is divided by m(-5)?
2
Let d = -31 + 70. Calculate the remainder when d is divided by 14.
11
Suppose 5*y - 9*y + 20 = 0. Suppose -14 = -q - 4*f, -3*q = f - y*f - 58. What is the remainder when 52 is divided by q?
16
Suppose 37*a - 38*a + 8 = 0. What is the remainder when 55 is divided by a?
7
Suppose 5*o - 5*r - 100 = 0, r + 35 = -0*o + 2*o. Let k(g) = -g + 18. Let c = -25 - -16. What is the remainder when k(c) is divided by o?
12
Suppose -4*d + 14 = -2. Let r be 2*3*d/6. Let g = r - -5. What is the remainder when 26 is divided by g?
8
Let v(s) = 8*s - 1. Suppose 0 = -2*z - 1 + 5, 0 = -5*a - z + 32. Calculate the remainder when v(a) is divided by 16.
15
Let y = -8 + 10. Suppose y*a + 40 = 6*a. Calculate the remainder when 38 is divided by a.
8
Let j(x) = x + 23. Let n(i) = i**3 - 6*i**2 + 3*i + 7. Let m be n(5). Let r(d) = -d**3 + d**2 - 4*d - 3. What is the remainder when r(m) is divided by j(-7)?
13
Let x be -3 - (2 - 7 - -3). What is the remainder when 53 is divided by (x - -22)*4/3?
25
Let c(g) be the first derivative of g**3/6 + 11*g**2/2 + g - 3. Let y(w) be the first derivative of c(w). What is the remainder when 5 is divided by y(-9)?
1
Let o = 41 - 31. Suppose -3*m + 5 + 9 = c, -2*c + 38 = 4*m. Calculate the remainder when c is divided by o.
9
Let y(f) = -2*f**3 - 2*f**2 - 7. What is the remainder when y(-5) is divided by 49?
46
Let r = -9 + 13. Calculate the remainder when 19 is divided by r/(-16)*(-45 - -1).
8
What is the remainder when 28 is divided by (2/3)/((-20)/(-450))?
13
Calculate the remainder when 58 is divided by 4 + 26*(-2 + 3).
28
Let m(q) = -q**2 + 4*q + 2. Let z be m(4). Suppose -14 = t - z*t. Let s = 47 - 21. What is the remainder when s is divided by t?
12
Let r = -133 - -230. Suppose 3*n = 2 + 4, -3*d + r = -n. Calculate the remainder when d is divided by -51*(3 + 30/(-9)).
16
Let l(d) = 5*d - 9. Let a be l(11). Let w = -31 + a. What is the remainder when 28 is divided by w?
13
Calculate the remainder when 0 - (-21 + -5) - -1 is divided by 6.
3
Suppose q = 5*o - 14, -4*q + 2*o - 3 = -q. Let g = -11 + q. Calculate the remainder when 20 is divided by (-6)/15 - 74/g.
6
Suppose 265 + 395 = 6*c. What is the remainder when c is divided by 37?
36
Let p = -2795 - -4675. Calculate the remainder when ((-12)/(-10))/(16/p) is divided by 36.
33
Let v be (1 + -5 + 1)/(-3). Calculate the remainder when 63 is divided by (-48)/(-18)*v*6.
15
Let l(m) = 3*m + 2. Let b = 2 + 1. Suppose -b*j - 5*o - 1 = -4, 0 = -3*j + 3*o + 27. Calculate the remainder when l(j) is divided by 11.
9
Let x be (-2)/(-6) + (-80)/(-30). Suppose 2*o - o = -x*s + 80, 2*s = -3*o + 65. What is the remainder when 72 is divided by s?
22
Let o(z) = -z**3 + 4*z**2 + 4*z - 4. Let f be o(5). Let a(h) = 2*h + 39. Let m be a(-17). What is the remainder when 14 is divided by (6/m)/(f/(-60))?
6
Suppose b - 5*j - 17 = 4, 4*b + 5*j - 9 = 0. Suppose -5 = b*z - 7*z. What is the remainder when z is divided by 4?
1
Let g(k) = k**2 + 4*k + 6. Let q(i) = -i**3 - 5*i**2 - 5*i - 8. Let o be q(-4). What is the remainder when 21 is divided by g(o)?
3
Suppose -3*j + 116 = 2*v - 120, -3*j - v = -238. What is the remainder when j is divided by 27?
26
Let q be 5/(-10)*(1 - 1). Let a(l) = l**2 + 6 - 4 + l + 6. What is the remainder when 15 is divided by a(q)?
7
Let x = -253 - -157. Let r = -46 - x. Calculate the remainder w